{"id":328,"date":"2020-12-21T21:16:37","date_gmt":"2020-12-21T20:16:37","guid":{"rendered":"http:\/\/przytuliazakopane.pl\/?page_id=328"},"modified":"2022-11-24T13:02:29","modified_gmt":"2022-11-24T12:02:29","slug":"alicja","status":"publish","type":"page","link":"https:\/\/przytuliazakopane.pl\/index.php\/alicja\/","title":{"rendered":"APARTAMENT ALICJA"},"content":{"rendered":"\t\t<div data-elementor-type=\"wp-post\" data-elementor-id=\"328\" class=\"elementor elementor-328\" data-elementor-post-type=\"page\">\n\t\t\t\t\t\t<section class=\"elementor-section elementor-top-section elementor-element elementor-element-5f18c1d7 elementor-section-height-min-height elementor-section-full_width elementor-section-items-top elementor-section-height-default\" data-id=\"5f18c1d7\" data-element_type=\"section\" data-settings=\"{&quot;background_background&quot;:&quot;classic&quot;}\">\n\t\t\t\t\t\t\t<div class=\"elementor-background-overlay\"><\/div>\n\t\t\t\t\t\t\t<div class=\"elementor-container elementor-column-gap-default\">\n\t\t\t\t\t<div class=\"elementor-column elementor-col-100 elementor-top-column elementor-element elementor-element-211e2071\" data-id=\"211e2071\" data-element_type=\"column\">\n\t\t\t<div class=\"elementor-widget-wrap\">\n\t\t\t\t\t\t\t<\/div>\n\t\t<\/div>\n\t\t\t\t\t<\/div>\n\t\t<\/section>\n\t\t\t\t<section class=\"elementor-section elementor-top-section elementor-element elementor-element-50a721f3 elementor-section-content-middle elementor-section-boxed elementor-section-height-default elementor-section-height-default\" data-id=\"50a721f3\" data-element_type=\"section\" data-settings=\"{&quot;background_background&quot;:&quot;classic&quot;,&quot;shape_divider_bottom&quot;:&quot;arrow&quot;}\">\n\t\t\t\t\t<div class=\"elementor-shape elementor-shape-bottom\" aria-hidden=\"true\" data-negative=\"false\">\n\t\t\t<svg xmlns=\"http:\/\/www.w3.org\/2000\/svg\" viewBox=\"0 0 700 10\" preserveAspectRatio=\"none\">\n\t<path class=\"elementor-shape-fill\" d=\"M350,10L340,0h20L350,10z\"\/>\n<\/svg>\t\t<\/div>\n\t\t\t\t\t<div class=\"elementor-container elementor-column-gap-default\">\n\t\t\t\t\t<div class=\"elementor-column elementor-col-100 elementor-top-column elementor-element elementor-element-159d7170\" data-id=\"159d7170\" data-element_type=\"column\">\n\t\t\t<div class=\"elementor-widget-wrap elementor-element-populated\">\n\t\t\t\t\t\t<div class=\"elementor-element elementor-element-32017b55 elementor-widget elementor-widget-heading\" data-id=\"32017b55\" data-element_type=\"widget\" data-widget_type=\"heading.default\">\n\t\t\t\t<div class=\"elementor-widget-container\">\n\t\t\t\t\t<h3 class=\"elementor-heading-title elementor-size-default\">Apartament  Alicja<\/h3>\t\t\t\t<\/div>\n\t\t\t\t<\/div>\n\t\t\t\t\t<\/div>\n\t\t<\/div>\n\t\t\t\t\t<\/div>\n\t\t<\/section>\n\t\t\t\t<section class=\"elementor-section elementor-top-section elementor-element elementor-element-4fe1cf22 elementor-section-content-middle elementor-reverse-mobile elementor-section-boxed elementor-section-height-default elementor-section-height-default\" data-id=\"4fe1cf22\" data-element_type=\"section\">\n\t\t\t\t\t\t<div class=\"elementor-container elementor-column-gap-default\">\n\t\t\t\t\t<div class=\"elementor-column elementor-col-50 elementor-top-column elementor-element elementor-element-1d2d2abc\" data-id=\"1d2d2abc\" data-element_type=\"column\">\n\t\t\t<div class=\"elementor-widget-wrap elementor-element-populated\">\n\t\t\t\t\t\t<div class=\"elementor-element elementor-element-61495b4b elementor-widget elementor-widget-text-editor\" data-id=\"61495b4b\" data-element_type=\"widget\" data-widget_type=\"text-editor.default\">\n\t\t\t\t<div class=\"elementor-widget-container\">\n\t\t\t\t\t\t\t\t\t<p>Zapraszamy do naszego drugiego obiektu \u2013 Apartamentu Alicja \u2013 po\u0142o\u017conego 2 minuty do Krup\u00f3wek komfortowego mieszkania dla 2-5 os\u00f3b.<\/p>\t\t\t\t\t\t\t\t<\/div>\n\t\t\t\t<\/div>\n\t\t\t\t<div class=\"elementor-element elementor-element-f7502d3 elementor-widget elementor-widget-heading\" data-id=\"f7502d3\" data-element_type=\"widget\" data-widget_type=\"heading.default\">\n\t\t\t\t<div class=\"elementor-widget-container\">\n\t\t\t\t\t<h6 class=\"elementor-heading-title elementor-size-default\">Wi\u0119cej informacji na stronie:<\/h6>\t\t\t\t<\/div>\n\t\t\t\t<\/div>\n\t\t\t\t<div class=\"elementor-element elementor-element-ea5ed29 elementor-align-center elementor-mobile-align-center elementor-widget elementor-widget-button\" data-id=\"ea5ed29\" data-element_type=\"widget\" data-widget_type=\"button.default\">\n\t\t\t\t<div class=\"elementor-widget-container\">\n\t\t\t\t\t\t\t\t\t<div class=\"elementor-button-wrapper\">\n\t\t\t\t\t<a class=\"elementor-button elementor-button-link elementor-size-lg\" href=\"http:\/\/www.apartalicja.pl\/\">\n\t\t\t\t\t\t<span class=\"elementor-button-content-wrapper\">\n\t\t\t\t\t\t<span class=\"elementor-button-icon\">\n\t\t\t\t<i aria-hidden=\"true\" class=\"fab fa-internet-explorer\"><\/i>\t\t\t<\/span>\n\t\t\t\t\t\t\t\t\t<span class=\"elementor-button-text\">www.apartalicja.pl<\/span>\n\t\t\t\t\t<\/span>\n\t\t\t\t\t<\/a>\n\t\t\t\t<\/div>\n\t\t\t\t\t\t\t\t<\/div>\n\t\t\t\t<\/div>\n\t\t\t\t\t<\/div>\n\t\t<\/div>\n\t\t\t\t<div class=\"elementor-column elementor-col-50 elementor-top-column elementor-element elementor-element-24db8e8\" data-id=\"24db8e8\" data-element_type=\"column\" data-settings=\"{&quot;background_background&quot;:&quot;classic&quot;}\">\n\t\t\t<div class=\"elementor-widget-wrap elementor-element-populated\">\n\t\t\t\t\t\t<div class=\"elementor-element elementor-element-6dbbe682 elementor-widget elementor-widget-image\" data-id=\"6dbbe682\" data-element_type=\"widget\" loading=\"lazy\" data-widget_type=\"image.default\">\n\t\t\t\t<div class=\"elementor-widget-container\">\n\t\t\t\t\t\t\t\t\t\t\t\t\t\t\t<img fetchpriority=\"high\" decoding=\"async\" width=\"1600\" height=\"1600\" src=\"https:\/\/przytuliazakopane.pl\/wp-content\/uploads\/2020\/12\/Original.png\" class=\"attachment-full size-full wp-image-334\" alt=\"\" srcset=\"https:\/\/przytuliazakopane.pl\/wp-content\/uploads\/2020\/12\/Original.png 1600w, https:\/\/przytuliazakopane.pl\/wp-content\/uploads\/2020\/12\/Original-300x300.png 300w, https:\/\/przytuliazakopane.pl\/wp-content\/uploads\/2020\/12\/Original-1024x1024.png 1024w, https:\/\/przytuliazakopane.pl\/wp-content\/uploads\/2020\/12\/Original-150x150.png 150w, https:\/\/przytuliazakopane.pl\/wp-content\/uploads\/2020\/12\/Original-768x768.png 768w, https:\/\/przytuliazakopane.pl\/wp-content\/uploads\/2020\/12\/Original-1536x1536.png 1536w, https:\/\/przytuliazakopane.pl\/wp-content\/uploads\/2020\/12\/Original-2048x2048.png 2048w\" sizes=\"(max-width: 1600px) 100vw, 1600px\" \/>\t\t\t\t\t\t\t\t\t\t\t\t\t\t\t<\/div>\n\t\t\t\t<\/div>\n\t\t\t\t\t<\/div>\n\t\t<\/div>\n\t\t\t\t\t<\/div>\n\t\t<\/section>\n\t\t\t\t<section class=\"elementor-section elementor-top-section elementor-element elementor-element-a2d7d83 elementor-section-content-middle elementor-reverse-mobile elementor-section-boxed elementor-section-height-default elementor-section-height-default\" data-id=\"a2d7d83\" data-element_type=\"section\">\n\t\t\t\t\t\t<div class=\"elementor-container elementor-column-gap-default\">\n\t\t\t\t\t<div class=\"elementor-column elementor-col-100 elementor-top-column elementor-element elementor-element-704e7b7\" data-id=\"704e7b7\" data-element_type=\"column\">\n\t\t\t<div class=\"elementor-widget-wrap elementor-element-populated\">\n\t\t\t\t\t\t<div class=\"elementor-element elementor-element-1a62b6d gallery-spacing-custom elementor-widget elementor-widget-image-gallery\" data-id=\"1a62b6d\" data-element_type=\"widget\" data-widget_type=\"image-gallery.default\">\n\t\t\t\t<div class=\"elementor-widget-container\">\n\t\t\t\t\t\t\t<div class=\"elementor-image-gallery\">\n\t\t\t<div id='gallery-1' class='gallery galleryid-328 gallery-columns-3 gallery-size-large'><figure class='gallery-item'>\n\t\t\t<div class='gallery-icon landscape'>\n\t\t\t\t<a data-elementor-open-lightbox=\"yes\" data-elementor-lightbox-slideshow=\"1a62b6d\" data-elementor-lightbox-title=\"1\" data-e-action-hash=\"#elementor-action%3Aaction%3Dlightbox%26settings%3DeyJpZCI6MzM1LCJ1cmwiOiJodHRwczpcL1wvcHJ6eXR1bGlhemFrb3BhbmUucGxcL3dwLWNvbnRlbnRcL3VwbG9hZHNcLzIwMjBcLzEyXC8xLmpwZyIsInNsaWRlc2hvdyI6IjFhNjJiNmQifQ%3D%3D\" href='https:\/\/przytuliazakopane.pl\/wp-content\/uploads\/2020\/12\/1.jpg'><img decoding=\"async\" width=\"800\" height=\"536\" src=\"https:\/\/przytuliazakopane.pl\/wp-content\/uploads\/2020\/12\/1-1024x686.jpg\" class=\"attachment-large size-large\" alt=\"\" srcset=\"https:\/\/przytuliazakopane.pl\/wp-content\/uploads\/2020\/12\/1-1024x686.jpg 1024w, https:\/\/przytuliazakopane.pl\/wp-content\/uploads\/2020\/12\/1-300x201.jpg 300w, https:\/\/przytuliazakopane.pl\/wp-content\/uploads\/2020\/12\/1-768x514.jpg 768w, https:\/\/przytuliazakopane.pl\/wp-content\/uploads\/2020\/12\/1.jpg 1080w\" sizes=\"(max-width: 800px) 100vw, 800px\" \/><\/a>\n\t\t\t<\/div><\/figure><figure class='gallery-item'>\n\t\t\t<div class='gallery-icon landscape'>\n\t\t\t\t<a data-elementor-open-lightbox=\"yes\" data-elementor-lightbox-slideshow=\"1a62b6d\" data-elementor-lightbox-title=\"2\" data-e-action-hash=\"#elementor-action%3Aaction%3Dlightbox%26settings%3DeyJpZCI6MzM2LCJ1cmwiOiJodHRwczpcL1wvcHJ6eXR1bGlhemFrb3BhbmUucGxcL3dwLWNvbnRlbnRcL3VwbG9hZHNcLzIwMjBcLzEyXC8yLmpwZyIsInNsaWRlc2hvdyI6IjFhNjJiNmQifQ%3D%3D\" href='https:\/\/przytuliazakopane.pl\/wp-content\/uploads\/2020\/12\/2.jpg'><img decoding=\"async\" width=\"800\" height=\"535\" src=\"https:\/\/przytuliazakopane.pl\/wp-content\/uploads\/2020\/12\/2-1024x685.jpg\" class=\"attachment-large size-large\" alt=\"\" srcset=\"https:\/\/przytuliazakopane.pl\/wp-content\/uploads\/2020\/12\/2-1024x685.jpg 1024w, https:\/\/przytuliazakopane.pl\/wp-content\/uploads\/2020\/12\/2-300x201.jpg 300w, https:\/\/przytuliazakopane.pl\/wp-content\/uploads\/2020\/12\/2-768x513.jpg 768w, https:\/\/przytuliazakopane.pl\/wp-content\/uploads\/2020\/12\/2.jpg 1080w\" sizes=\"(max-width: 800px) 100vw, 800px\" \/><\/a>\n\t\t\t<\/div><\/figure><figure class='gallery-item'>\n\t\t\t<div class='gallery-icon landscape'>\n\t\t\t\t<a data-elementor-open-lightbox=\"yes\" data-elementor-lightbox-slideshow=\"1a62b6d\" data-elementor-lightbox-title=\"3\" data-e-action-hash=\"#elementor-action%3Aaction%3Dlightbox%26settings%3DeyJpZCI6MzM3LCJ1cmwiOiJodHRwczpcL1wvcHJ6eXR1bGlhemFrb3BhbmUucGxcL3dwLWNvbnRlbnRcL3VwbG9hZHNcLzIwMjBcLzEyXC8zLmpwZyIsInNsaWRlc2hvdyI6IjFhNjJiNmQifQ%3D%3D\" href='https:\/\/przytuliazakopane.pl\/wp-content\/uploads\/2020\/12\/3.jpg'><img loading=\"lazy\" decoding=\"async\" width=\"800\" height=\"535\" src=\"https:\/\/przytuliazakopane.pl\/wp-content\/uploads\/2020\/12\/3-1024x685.jpg\" class=\"attachment-large size-large\" alt=\"\" srcset=\"https:\/\/przytuliazakopane.pl\/wp-content\/uploads\/2020\/12\/3-1024x685.jpg 1024w, https:\/\/przytuliazakopane.pl\/wp-content\/uploads\/2020\/12\/3-300x201.jpg 300w, https:\/\/przytuliazakopane.pl\/wp-content\/uploads\/2020\/12\/3-768x513.jpg 768w, https:\/\/przytuliazakopane.pl\/wp-content\/uploads\/2020\/12\/3.jpg 1080w\" sizes=\"(max-width: 800px) 100vw, 800px\" \/><\/a>\n\t\t\t<\/div><\/figure><figure class='gallery-item'>\n\t\t\t<div class='gallery-icon landscape'>\n\t\t\t\t<a data-elementor-open-lightbox=\"yes\" data-elementor-lightbox-slideshow=\"1a62b6d\" data-elementor-lightbox-title=\"5\" data-e-action-hash=\"#elementor-action%3Aaction%3Dlightbox%26settings%3DeyJpZCI6MzM4LCJ1cmwiOiJodHRwczpcL1wvcHJ6eXR1bGlhemFrb3BhbmUucGxcL3dwLWNvbnRlbnRcL3VwbG9hZHNcLzIwMjBcLzEyXC81LmpwZyIsInNsaWRlc2hvdyI6IjFhNjJiNmQifQ%3D%3D\" href='https:\/\/przytuliazakopane.pl\/wp-content\/uploads\/2020\/12\/5.jpg'><img loading=\"lazy\" decoding=\"async\" width=\"800\" height=\"536\" src=\"https:\/\/przytuliazakopane.pl\/wp-content\/uploads\/2020\/12\/5-1024x686.jpg\" class=\"attachment-large size-large\" alt=\"\" srcset=\"https:\/\/przytuliazakopane.pl\/wp-content\/uploads\/2020\/12\/5-1024x686.jpg 1024w, https:\/\/przytuliazakopane.pl\/wp-content\/uploads\/2020\/12\/5-300x201.jpg 300w, https:\/\/przytuliazakopane.pl\/wp-content\/uploads\/2020\/12\/5-768x514.jpg 768w, https:\/\/przytuliazakopane.pl\/wp-content\/uploads\/2020\/12\/5.jpg 1080w\" sizes=\"(max-width: 800px) 100vw, 800px\" \/><\/a>\n\t\t\t<\/div><\/figure><figure class='gallery-item'>\n\t\t\t<div class='gallery-icon landscape'>\n\t\t\t\t<a data-elementor-open-lightbox=\"yes\" data-elementor-lightbox-slideshow=\"1a62b6d\" data-elementor-lightbox-title=\"6\" data-e-action-hash=\"#elementor-action%3Aaction%3Dlightbox%26settings%3DeyJpZCI6MzM5LCJ1cmwiOiJodHRwczpcL1wvcHJ6eXR1bGlhemFrb3BhbmUucGxcL3dwLWNvbnRlbnRcL3VwbG9hZHNcLzIwMjBcLzEyXC82LmpwZyIsInNsaWRlc2hvdyI6IjFhNjJiNmQifQ%3D%3D\" href='https:\/\/przytuliazakopane.pl\/wp-content\/uploads\/2020\/12\/6.jpg'><img loading=\"lazy\" decoding=\"async\" width=\"800\" height=\"535\" src=\"https:\/\/przytuliazakopane.pl\/wp-content\/uploads\/2020\/12\/6-1024x685.jpg\" class=\"attachment-large size-large\" alt=\"\" srcset=\"https:\/\/przytuliazakopane.pl\/wp-content\/uploads\/2020\/12\/6-1024x685.jpg 1024w, https:\/\/przytuliazakopane.pl\/wp-content\/uploads\/2020\/12\/6-300x201.jpg 300w, https:\/\/przytuliazakopane.pl\/wp-content\/uploads\/2020\/12\/6-768x513.jpg 768w, https:\/\/przytuliazakopane.pl\/wp-content\/uploads\/2020\/12\/6.jpg 1080w\" sizes=\"(max-width: 800px) 100vw, 800px\" \/><\/a>\n\t\t\t<\/div><\/figure><figure class='gallery-item'>\n\t\t\t<div class='gallery-icon landscape'>\n\t\t\t\t<a data-elementor-open-lightbox=\"yes\" data-elementor-lightbox-slideshow=\"1a62b6d\" data-elementor-lightbox-title=\"4\" data-e-action-hash=\"#elementor-action%3Aaction%3Dlightbox%26settings%3DeyJpZCI6MzMwLCJ1cmwiOiJodHRwczpcL1wvcHJ6eXR1bGlhemFrb3BhbmUucGxcL3dwLWNvbnRlbnRcL3VwbG9hZHNcLzIwMjBcLzEyXC80LmpwZyIsInNsaWRlc2hvdyI6IjFhNjJiNmQifQ%3D%3D\" href='https:\/\/przytuliazakopane.pl\/wp-content\/uploads\/2020\/12\/4.jpg'><img loading=\"lazy\" decoding=\"async\" width=\"800\" height=\"536\" src=\"https:\/\/przytuliazakopane.pl\/wp-content\/uploads\/2020\/12\/4-1024x686.jpg\" class=\"attachment-large size-large\" alt=\"\" srcset=\"https:\/\/przytuliazakopane.pl\/wp-content\/uploads\/2020\/12\/4-1024x686.jpg 1024w, https:\/\/przytuliazakopane.pl\/wp-content\/uploads\/2020\/12\/4-300x201.jpg 300w, https:\/\/przytuliazakopane.pl\/wp-content\/uploads\/2020\/12\/4-768x514.jpg 768w, https:\/\/przytuliazakopane.pl\/wp-content\/uploads\/2020\/12\/4.jpg 1080w\" sizes=\"(max-width: 800px) 100vw, 800px\" \/><\/a>\n\t\t\t<\/div><\/figure>\n\t\t<\/div>\n\t\t<\/div>\n\t\t\t\t\t\t<\/div>\n\t\t\t\t<\/div>\n\t\t\t\t\t<\/div>\n\t\t<\/div>\n\t\t\t\t\t<\/div>\n\t\t<\/section>\n\t\t\t\t<section class=\"elementor-section elementor-top-section elementor-element elementor-element-703234b elementor-section-boxed elementor-section-height-default elementor-section-height-default\" data-id=\"703234b\" data-element_type=\"section\" data-settings=\"{&quot;background_background&quot;:&quot;gradient&quot;,&quot;shape_divider_bottom&quot;:&quot;arrow&quot;,&quot;shape_divider_bottom_negative&quot;:&quot;yes&quot;}\">\n\t\t\t\t\t<div class=\"elementor-shape elementor-shape-bottom\" aria-hidden=\"true\" data-negative=\"true\">\n\t\t\t<svg xmlns=\"http:\/\/www.w3.org\/2000\/svg\" viewBox=\"0 0 700 10\" preserveAspectRatio=\"none\">\n\t<path class=\"elementor-shape-fill\" d=\"M360 0L350 9.9 340 0 0 0 0 10 700 10 700 0\"\/>\n<\/svg>\t\t<\/div>\n\t\t\t\t\t<div class=\"elementor-container elementor-column-gap-default\">\n\t\t\t\t\t<div class=\"elementor-column elementor-col-100 elementor-top-column elementor-element elementor-element-adddcd1\" data-id=\"adddcd1\" data-element_type=\"column\">\n\t\t\t<div class=\"elementor-widget-wrap elementor-element-populated\">\n\t\t\t\t\t\t<section class=\"elementor-section elementor-inner-section elementor-element elementor-element-cf69fa2 elementor-section-boxed elementor-section-height-default elementor-section-height-default\" data-id=\"cf69fa2\" data-element_type=\"section\">\n\t\t\t\t\t\t<div class=\"elementor-container elementor-column-gap-default\">\n\t\t\t\t\t<div class=\"elementor-column elementor-col-100 elementor-inner-column elementor-element elementor-element-49503a5\" data-id=\"49503a5\" data-element_type=\"column\">\n\t\t\t<div class=\"elementor-widget-wrap elementor-element-populated\">\n\t\t\t\t\t\t<div class=\"elementor-element elementor-element-bdfa8a7 elementor-widget elementor-widget-heading\" data-id=\"bdfa8a7\" data-element_type=\"widget\" data-widget_type=\"heading.default\">\n\t\t\t\t<div class=\"elementor-widget-container\">\n\t\t\t\t\t<h3 class=\"elementor-heading-title elementor-size-default\">Apartament Alicja<\/h3>\t\t\t\t<\/div>\n\t\t\t\t<\/div>\n\t\t\t\t<div class=\"elementor-element elementor-element-b454788 elementor-widget elementor-widget-image\" data-id=\"b454788\" data-element_type=\"widget\" data-widget_type=\"image.default\">\n\t\t\t\t<div class=\"elementor-widget-container\">\n\t\t\t\t\t\t\t\t\t\t\t\t\t\t\t\t<a href=\"http:\/\/www.apartalicja.pl\/\">\n\t\t\t\t\t\t\t<img loading=\"lazy\" decoding=\"async\" width=\"800\" height=\"535\" src=\"https:\/\/przytuliazakopane.pl\/wp-content\/uploads\/2020\/12\/ad-22_Easy-Resize.com_-1-1024x685.jpg\" class=\"attachment-large size-large wp-image-139\" alt=\"\" srcset=\"https:\/\/przytuliazakopane.pl\/wp-content\/uploads\/2020\/12\/ad-22_Easy-Resize.com_-1-1024x685.jpg 1024w, https:\/\/przytuliazakopane.pl\/wp-content\/uploads\/2020\/12\/ad-22_Easy-Resize.com_-1-300x201.jpg 300w, https:\/\/przytuliazakopane.pl\/wp-content\/uploads\/2020\/12\/ad-22_Easy-Resize.com_-1-768x513.jpg 768w, https:\/\/przytuliazakopane.pl\/wp-content\/uploads\/2020\/12\/ad-22_Easy-Resize.com_-1-1536x1027.jpg 1536w, https:\/\/przytuliazakopane.pl\/wp-content\/uploads\/2020\/12\/ad-22_Easy-Resize.com_-1.jpg 1600w\" sizes=\"(max-width: 800px) 100vw, 800px\" \/>\t\t\t\t\t\t\t\t<\/a>\n\t\t\t\t\t\t\t\t\t\t\t\t\t\t\t<\/div>\n\t\t\t\t<\/div>\n\t\t\t\t\t<\/div>\n\t\t<\/div>\n\t\t\t\t\t<\/div>\n\t\t<\/section>\n\t\t\t\t\t<\/div>\n\t\t<\/div>\n\t\t\t\t\t<\/div>\n\t\t<\/section>\n\t\t\t\t<section class=\"elementor-section elementor-top-section elementor-element elementor-element-187cd824 elementor-section-content-middle elementor-section-boxed elementor-section-height-default elementor-section-height-default\" data-id=\"187cd824\" data-element_type=\"section\" data-settings=\"{&quot;background_background&quot;:&quot;classic&quot;}\">\n\t\t\t\t\t\t<div class=\"elementor-container elementor-column-gap-default\">\n\t\t\t\t\t<div class=\"elementor-column elementor-col-33 elementor-top-column elementor-element elementor-element-6cc14c1\" data-id=\"6cc14c1\" data-element_type=\"column\">\n\t\t\t<div class=\"elementor-widget-wrap elementor-element-populated\">\n\t\t\t\t\t\t<div class=\"elementor-element elementor-element-743473f elementor-hidden-tablet elementor-hidden-phone elementor-widget elementor-widget-image\" data-id=\"743473f\" data-element_type=\"widget\" data-widget_type=\"image.default\">\n\t\t\t\t<div class=\"elementor-widget-container\">\n\t\t\t\t\t\t\t\t\t\t\t\t\t\t\t<img decoding=\"async\" src=\"https:\/\/przytuliazakopane.pl\/wp-content\/uploads\/2020\/12\/pokojegoscinnewhite.png\" title=\"\" alt=\"\" loading=\"lazy\" \/>\t\t\t\t\t\t\t\t\t\t\t\t\t\t\t<\/div>\n\t\t\t\t<\/div>\n\t\t\t\t\t<\/div>\n\t\t<\/div>\n\t\t\t\t<div class=\"elementor-column elementor-col-33 elementor-top-column elementor-element elementor-element-717bc706\" data-id=\"717bc706\" data-element_type=\"column\">\n\t\t\t<div class=\"elementor-widget-wrap elementor-element-populated\">\n\t\t\t\t\t\t<div class=\"elementor-element elementor-element-604299c elementor-widget elementor-widget-heading\" data-id=\"604299c\" data-element_type=\"widget\" data-widget_type=\"heading.default\">\n\t\t\t\t<div class=\"elementor-widget-container\">\n\t\t\t\t\t<h4 class=\"elementor-heading-title elementor-size-default\">Zakopane \u2013 najbli\u017cej Tatr<\/h4>\t\t\t\t<\/div>\n\t\t\t\t<\/div>\n\t\t\t\t\t<\/div>\n\t\t<\/div>\n\t\t\t\t<div class=\"elementor-column elementor-col-33 elementor-top-column elementor-element elementor-element-3ea85a48\" data-id=\"3ea85a48\" data-element_type=\"column\">\n\t\t\t<div class=\"elementor-widget-wrap elementor-element-populated\">\n\t\t\t\t\t\t<div class=\"elementor-element elementor-element-dc85458 elementor-align-right elementor-mobile-align-center elementor-widget elementor-widget-button\" data-id=\"dc85458\" data-element_type=\"widget\" data-widget_type=\"button.default\">\n\t\t\t\t<div class=\"elementor-widget-container\">\n\t\t\t\t\t\t\t\t\t<div class=\"elementor-button-wrapper\">\n\t\t\t\t\t<a class=\"elementor-button elementor-button-link elementor-size-lg\" href=\"tel:600010689\">\n\t\t\t\t\t\t<span class=\"elementor-button-content-wrapper\">\n\t\t\t\t\t\t<span class=\"elementor-button-icon\">\n\t\t\t\t<i aria-hidden=\"true\" class=\"fas fa-angle-double-right\"><\/i>\t\t\t<\/span>\n\t\t\t\t\t\t\t\t\t<span class=\"elementor-button-text\">Zadzwo\u0144 i zarezerwuj<\/span>\n\t\t\t\t\t<\/span>\n\t\t\t\t\t<\/a>\n\t\t\t\t<\/div>\n\t\t\t\t\t\t\t\t<\/div>\n\t\t\t\t<\/div>\n\t\t\t\t\t<\/div>\n\t\t<\/div>\n\t\t\t\t\t<\/div>\n\t\t<\/section>\n\t\t\t\t<\/div>\n\t\t","protected":false},"excerpt":{"rendered":"<p>Apartament Alicja Zapraszamy do naszego drugiego obiektu \u2013 Apartamentu Alicja \u2013 po\u0142o\u017conego 2 minuty do Krup\u00f3wek komfortowego mieszkania dla 2-5 os\u00f3b. Wi\u0119cej informacji na stronie: www.apartalicja.pl Apartament Alicja Zakopane \u2013 najbli\u017cej Tatr Zadzwo\u0144 i zarezerwuj<\/p>\n","protected":false},"author":1,"featured_media":0,"parent":0,"menu_order":0,"comment_status":"closed","ping_status":"closed","template":"elementor_header_footer","meta":{"footnotes":""},"class_list":["post-328","page","type-page","status-publish","hentry"],"_links":{"self":[{"href":"https:\/\/przytuliazakopane.pl\/index.php\/wp-json\/wp\/v2\/pages\/328","targetHints":{"allow":["GET"]}}],"collection":[{"href":"https:\/\/przytuliazakopane.pl\/index.php\/wp-json\/wp\/v2\/pages"}],"about":[{"href":"https:\/\/przytuliazakopane.pl\/index.php\/wp-json\/wp\/v2\/types\/page"}],"author":[{"embeddable":true,"href":"https:\/\/przytuliazakopane.pl\/index.php\/wp-json\/wp\/v2\/users\/1"}],"replies":[{"embeddable":true,"href":"https:\/\/przytuliazakopane.pl\/index.php\/wp-json\/wp\/v2\/comments?post=328"}],"version-history":[{"count":43,"href":"https:\/\/przytuliazakopane.pl\/index.php\/wp-json\/wp\/v2\/pages\/328\/revisions"}],"predecessor-version":[{"id":787,"href":"https:\/\/przytuliazakopane.pl\/index.php\/wp-json\/wp\/v2\/pages\/328\/revisions\/787"}],"wp:attachment":[{"href":"https:\/\/przytuliazakopane.pl\/index.php\/wp-json\/wp\/v2\/media?parent=328"}],"curies":[{"name":"wp","href":"https:\/\/api.w.org\/{rel}","templated":true}]}}